**2 + 3. Let n be r(-4). Let m be k(n). Suppose -m*g + 3 = -5. What is the units digit of g?
4
Let c be (4 + -1 - 8) + 2. Let v be (9/6)/c*-10. Suppose 68 = 5*j - j + 4*p, v*j - 2*p = 92. What is the units digit of j?
8
Let g = 73 - 106. Let j = -14 - g. What is the units digit of j?
9
Let s = -13 - -41. Suppose 3*l = -l + s. What is the units digit of l?
7
Let j = 21 - 15. What is the units digit of j?
6
Suppose 4 - 36 = -4*v. Let m = -6 + v. Suppose 5*c + 2*o - 10 = -o, -4*c + m*o + 30 = 0. What is the units digit of c?
5
Suppose -f = -5 - 19. Let t(c) = c**3 - 4*c**2 - 5*c + 5. Let d be t(4). Let n = d + f. What is the units digit of n?
9
Let q = 6 + -4. Suppose -2*h = -5*d - 23, d - 4 = -3*h - 12. Let c = q - h. What is the units digit of c?
3
Suppose 0*n + 5*n = -20. Suppose 3*d = -5*f - d + 38, -34 = -4*f - 2*d. Let s = f + n. What is the units digit of s?
6
Let d(v) = 6*v**2 + 2*v - 2. What is the units digit of d(2)?
6
Suppose -3*f - 3*s + 365 = -f, 2*f - s = 385. What is the tens digit of f?
9
Suppose v = 4*v - 126. Suppose 0*o - 3*o = -v. What is the units digit of o?
4
Let l(j) = -8*j - 4. What is the tens digit of l(-3)?
2
Let s(b) be the first derivative of b**4/24 + 4*b**3/3 + 3*b**2/2 + 1. Let w(n) be the second derivative of s(n). What is the units digit of w(-7)?
1
Let f(i) = i - 2. Let d be f(4). Suppose -n + 2*j - 11 - 5 = 0, -d*j = 4*n + 24. What is the tens digit of (n/10)/(6/(-75))?
1
Let u(p) = p**3 + 5*p**2 + 2*p + 1. Let c be u(-4). Suppose -5*d + 4*g - 11 = 0, 5*g + c = 29. What is the tens digit of (-2 + d)/(2/(-26))?
1
Let f = 0 - 0. Let j be 0/(f + -2) - 12. What is the units digit of (-31)/(-4) - 3/j?
8
Let i be 2*1/1 + 1. Suppose 0 = -m - s - 0*s + 9, -15 = -5*m + s. Suppose -4*h = -2*z - 24, -m*h + 22 + 22 = i*z. What is the units digit of h?
8
Let y = 91 - -41. What is the units digit of y?
2
Suppose -495 = -17*t + 12*t. What is the units digit of t?
9
Let l = 4 + -1. Let d(y) = -2*y**2 - 3*y + 17. Let u(w) = w**2 + 2*w - 9. Let b(i) = 6*d(i) + 11*u(i). What is the units digit of b(l)?
6
Let a(f) be the first derivative of -f**5/60 - 7*f**4/24 - 7*f**3/6 + f**2 - 2. Let t(o) be the second derivative of a(o). What is the units digit of t(-5)?
3
Let c(v) = 2 - 1 + 5 - 2*v**3 + 4*v - 5*v**2. Let l be c(-4). Suppose -4*x + l = -2. What is the tens digit of x?
1
Let j(r) = -7*r - 8. Let m(g) = 8*g + 9. Let o(h) = 7*j(h) + 6*m(h). Let s be (3 + -2)/((-4)/12). What is the units digit of o(s)?
1
Suppose -10*d + 36 = -7*d. Let z(o) = 5*o - 19. What is the units digit of z(d)?
1
Let f = -134 + 264. What is the units digit of f?
0
Suppose -5*o = -7*o. Suppose c + 0*c - 4 = o. What is the units digit of c?
4
Let o(p) = p - 2. Let f be o(-6). Let z = 14 + f. What is the units digit of z?
6
Suppose q - 1 = 3*j, 0 = -2*j - 3*j. What is the units digit of q?
1
Let k = -123 - -273. What is the hundreds digit of k?
1
Let d = 127 + -82. Suppose 3*a - d + 15 = 0. What is the units digit of a?
0
Let j be (-1)/7 + 29/7. Suppose j*h - 194 = 2*p + 2, 0 = -4*h - 4*p + 208. What is the tens digit of h?
5
Let p = 60 - 34. What is the units digit of p?
6
Suppose 3*h = -3*q - 30, 3*h + 45 - 10 = -4*q. Let s = h - -9. Suppose 6*j - j - 10 = -2*c, s*j - 42 = -5*c. What is the tens digit of c?
1
Suppose 0*l - 5 = -l. Suppose 35 = 2*t + l. What is the tens digit of t?
1
Let u = 24 - 0. What is the units digit of u?
4
Let b = -10 + 46. What is the tens digit of b?
3
Let t = -15 + 5. Let i be 14*(t/(-4) + -2). Suppose -3*s = -2*g - 6*s + i, 0 = g - 2*s - 14. What is the units digit of g?
8
Let u(v) = v**3 - 5*v**2. Let q be u(5). Let l be ((-1)/1 - -1)/(-1). Suppose -2*g + 8 + l = q. What is the units digit of g?
4
Suppose 0 = s - 20 - 81. Suppose -4*a = 3*b - 6*a - s, -3*b = 3*a - 126. What is the units digit of b?
7
Suppose s = 2*s - 20. Let j = 29 - s. Suppose 2*v = -3*y - j, -13 = 4*v + 3*y + 2*y. What is the units digit of v?
3
Let d = -8 - -8. Suppose -3*v = -4*s - 14, 0 = 2*v - 5*s + s - 12. Suppose v*j = -d*j + 2. What is the units digit of j?
1
Let f(k) = 9 - 4 + 4*k - 5*k. Let m be f(5). Let y = m - -1. What is the units digit of y?
1
Let s(v) = -v + 1. Let p be s(-3). Suppose p*q - 28 = -2*w + 26, 0 = -4*w - 4*q + 100. What is the units digit of w?
3
Let i be -10*8/(-60)*3. Suppose 4*u - 3*d = 215, i*u - 2*d = 158 + 60. What is the units digit of u?
6
Let y = -4 + -27. Let r = -24 - y. What is the units digit of r?
7
Let x be (-4)/14 + 508/14. Let z = -25 + x. What is the units digit of z?
1
Let c(f) = 18*f - 14. What is the hundreds digit of c(24)?
4
Suppose 0*k + 2*k - 12 = 2*i, -2*i = 3*k + 7. Let s(q) = q + 6. What is the units digit of s(i)?
1
Let h(z) = -z + 6. Let j be h(6). Let p = 5 - j. What is the units digit of p?
5
Let r be 1*6*3/6. Let u be ((-7)/(-3))/((-2)/(-12)). Suppose -2 = r*k - u. What is the units digit of k?
4
Let c be ((-2)/6)/(5/15). Let j(s) = 2*s**2 + s + 1. Let h be j(c). Suppose 2*w = 2*x + 26, -3*w + 4*x - h = -43. What is the tens digit of w?
1
Let b be ((-8)/5)/(1/(-10)). Let d = b - 11. Suppose -5*u - d*v + 18 - 3 = 0, 0 = -5*u + 2*v + 15. What is the units digit of u?
3
Let u = -35 + 193. What is the units digit of u?
8
Suppose 0 = 2*d - 163 + 51. What is the units digit of d?
6
Suppose 65 = 2*v - 39. What is the units digit of v?
2
Let c = -49 + 75. What is the tens digit of c?
2
Let s = 57 - -11. Let u = s + -41. What is the units digit of u?
7
Let n = -1 - 0. Let b be n/(3/12)*1. What is the units digit of (b/12)/(1/(-57))?
9
Suppose 54 = 2*w + w. What is the tens digit of w?
1
Suppose 14*a - 576 = 6*a. What is the units digit of a?
2
Let b = -12 - -48. What is the tens digit of b?
3
Suppose -10 = -5*j - t - t, -10 = 2*j - 2*t. What is the tens digit of -14*(j - 3 - -1)?
2
Suppose -2*p = x + p - 197, 0 = p - 1. What is the tens digit of x?
9
Let m = 26 - 11. Suppose -5*v - 15 = m. Let r = -3 - v. What is the units digit of r?
3
Suppose 3*o = 8*o - 605. What is the units digit of o?
1
Let h(a) = -a**3 + 13*a**2 - 10*a + 17. What is the units digit of h(12)?
1
Let b be 2/(2/(-123) + 0). Let p be b/(-4) - 3/4. Suppose 0*d + 2*d - 16 = -5*t, -3*t - p = -d. What is the units digit of d?
8
Suppose q = 18 + 5. Suppose 5*b - 3 = -2*n, -3*n + 2*b + 52 = -0*n. Let i = q - n. What is the units digit of i?
9
Let b(r) = -r**2 - 34. Let u be b(0). Let y(f) = f - 9. Let l be y(3). What is the tens digit of 2/l - u/3?
1
Suppose -k - 1 = -5*p + 30, 4*p - 25 = k. Suppose -b - 2*b = -237. Suppose -z = w - p*w + b, w - 19 = z. What is the units digit of w?
5
Let o(d) be the second derivative of d**4/12 + 2*d**3/3 + d**2/2 + d. What is the units digit of o(-5)?
6
Let l be 1/2 - (-13)/2. Suppose -l*h = -2*h. Suppose 24 = 4*o - h*o. What is the units digit of o?
6
Suppose -2*a + 41 = q, -a + 22 = -q + 3. What is the tens digit of a?
2
Let k be (-1465)/(-11) + 14/(-77). Let z = k + -95. What is the units digit of z?
8
Let d(f) = -11*f**3 - 12*f**2 + 26*f - 13. Let a(c) = 4*c**3 + 4*c**2 - 9*c + 4. Let r(g) = -8*a(g) - 3*d(g). What is the tens digit of r(-5)?
1
Suppose d + o = 0, 4*o = 8*d - 4*d. Suppose -5*l + 3*w = 8, -3*l + d*w - 4*w + 1 = 0. What is the units digit of -4*l*(3 + -2)?
4
Let o = 8 - 13. Let z(a) = a + 7. Let i be z(o). Suppose m + 10 = i*m. What is the tens digit of m?
1
Let l(n) = 3*n + 1. Let r be l(1). Suppose 5*i = -5*x + 65, -2*x + r*i = -0*x - 8. What is the tens digit of x?
1
Suppose 0 = 2*a - 104 - 64. What is the tens digit of a?
8
Suppose -g - 24 = -3*g. What is the tens digit of g?
1
Let i(v) = v**2 - 4*v - 12. What is the tens digit of i(11)?
6
Suppose 25*w - 26*w = -83. What is the tens digit of w?
8
Suppose -4*m = 2*z + 64, -56 = 4*z - 2*z + 2*m. Let c be ((-540)/(-24))/(2*(-2)/8). Let j = z - c. What is the tens digit of j?
2
Let d be (7 - 1)/(3/4). Suppose -7*k - 20 = -d*k. What is the tens digit of k?
2
Suppose l + 8 = -3*l. Let w(n) = -3*n**2 + 13*n - 7. Let k(d) = 4*d**2 - 19*d + 10. Let u(g) = 5*k(g) + 7*w(g). What is the units digit of u(l)?
5
Suppose 0 = 5*s - 4*b - 209, -2*s - 46 = -b - 129. What is the tens digit of s?
4
Suppose -2*n - 5*i = -268, 0 = -5*n - 5*i + 516 + 169. What is the units digit of n?
9
Suppose 2*o - 388 = 4*f - 0*f, 5*f = 15. What is the tens digit of o?
0